(-8)/(-3). Give y(i).
-13
Let p(o) = -o**2 - 25*o + 148. Let k be p(-30). Let a(u) = u**3 - 2*u**2 + 2*u + 1. Determine a(k).
-19
Suppose 0 = -3*w - 4*s + 2*s + 29, -s - 24 = -2*w. Let f(k) = -k**2 + 10*k - 11. What is f(w)?
-22
Let d(g) be the second derivative of -g**6/720 + g**5/20 - g**4/6 - 20*g. Let q(j) be the third derivative of d(j). Give q(9).
-3
Let a(v) = -v**2 + 7*v + 1. Let j = -61 - -90. Let k be (-6)/(-12)*(j + -1). Suppose -k = -3*i + 4. Give a(i).
7
Let o be ((-3)/4)/(10/40). Let r(b) be the second derivative of 2*b**3/3 + 2*b**2 + 4*b. What is r(o)?
-8
Suppose -3*z - 8 = -2*w, 4*w = 4*z - 8 + 20. Let d(y) = 3*y**3 + 16*y - 7. Let s(m) = -m**3 - 6*m + 3. Let i(q) = -2*d(q) - 5*s(q). What is i(z)?
11
Let j(g) = g**3 - 3*g**2 + g - 7. Let u be j(3). Let b(i) = -i**3 - 4*i**2 + 4*i + 5. Determine b(u).
-11
Let v(u) = 4*u + 11. Let y(h) = 3*h + 7. Let r(a) = 5*v(a) - 7*y(a). Calculate r(-9).
15
Let x(k) be the second derivative of 7*k**5/20 - k**4/6 - k**3/6 + 3*k - 3. Determine x(-1).
-8
Let i(q) = 38*q**3 - 11*q + 61. Let a(n) = 17*n**3 - 5*n + 31. Let d(c) = 9*a(c) - 4*i(c). Give d(0).
35
Let c(b) = -16*b - 3*b**2 + 12*b + 1 + 4*b**2. Let a be 2/(-4) + (-7)/(-2). Let s(r) = -4*r. Let p(u) = a*c(u) - 4*s(u). What is p(-2)?
7
Let j(f) = 52 + f + f**3 - 2*f - 46. Suppose 0*u = -u. Calculate j(u).
6
Let z(k) = -k**2 + k. Let n(w) = -w + 1. Let u be n(9). Let c(p) = 2*p**2 - 3*p. Let o(i) = u*z(i) - 3*c(i). Determine o(-1).
1
Let b(w) = -4*w - 4 + 0*w**2 + 20*w**2 - 19*w**2. Let c = 14 - 7. Give b(c).
17
Suppose -4*n - 3*c + 32 = 0, -5*n + 37 = 2*c + c. Let v(f) = -f**3 + 2*f**2 + 11*f - 2. Determine v(n).
-22
Let y(u) = u - 15. Suppose 5*s + 3*o - 60 = 0, -4*s - 5*o = -28 - 7. Determine y(s).
0
Suppose 2*m - 4 = 12. Suppose b - 26 = 4*a - m, -5*a = 4*b + 12. Let w(u) = -u**3 + 2*u**2 - 3*u + 1. What is w(b)?
-5
Let h(t) be the third derivative of t**6/40 + t**4/24 - t**3/6 + t**2. Let r be h(1). Let i(p) = 13*p**2 - p**r - 16*p**2 + 0*p - p - 1. What is i(-2)?
-3
Let u(x) be the third derivative of x**6/120 + 2*x**5/15 - 3*x**4/8 - x**3/3 - 12*x**2 + 3*x. What is u(-9)?
-2
Let d(h) be the second derivative of h**4/12 - h**3/6 + 4*h**2 + 2*h. Suppose -838*t = -837*t. Calculate d(t).
8
Let p(m) = 5*m + 2. Let q = 2 - -2. Suppose 5 = -3*w - q. What is p(w)?
-13
Let o(g) be the third derivative of -g**4/6 - g**3/2 - 2*g**2 - 83. Give o(1).
-7
Let m(y) = 4*y**2 + y - 1. Let b(a) = -11*a**2 - 5*a + 2. Let i(s) = 3*b(s) + 8*m(s). Give i(-7).
-2
Let o(s) = -s + 2. Let f be (36/(-42))/(3/(-14)). Suppose 0 = i + f*i - z - 18, 5*i - 3 = -4*z. Suppose -i*r + 4 = m, -7*m + 3*m - 3*r - 11 = 0. Give o(m).
7
Let v(d) = -d + 3. Let c(i) = 7*i + 17. Let u(h) = -13*h - 33. Let g(f) = -5*c(f) - 3*u(f). Let z be g(-3). Give v(z).
1
Let o be 1/2 - 3/6. Let b(h) = -h - h**3 - 1 + o + 4*h - 4*h + 4*h**2. Let v be (-36)/(-8)*(-2)/(-3). Determine b(v).
5
Let v(j) = -j**2 + 10. Suppose -2*a + 2*g - 4 = 0, -5*g - 5 = -3*a - 15. Calculate v(a).
10
Suppose 2*i + 3 = -p - 0, 9 = 3*p - 3*i. Let w(c) = -32*c**3 - c + 1. What is w(p)?
-32
Let k(q) = -13*q**3 + q**2 + q - 1. Let v be k(1). Let f(n) = -n**2 - 14*n - 15. Let d be f(v). Let p(l) = -4*l**2 + 3*l + 5*l**2 - 4*l - d. Give p(0).
-9
Let x(i) be the third derivative of -7*i**5/30 - 938*i**2. What is x(1)?
-14
Let u(g) = 3*g + 3*g + 6*g + 2*g - 7*g - 19. Calculate u(2).
-5
Let s(l) be the second derivative of -l**5/20 - 7*l**4/12 + 4*l**3/3 + 2*l**2 + 50*l. Determine s(-8).
4
Let c = 904 + -912. Let x(w) = -w**3 - 7*w**2 + 7*w - 9. Give x(c).
-1
Let w(a) = -a**2 + 4*a - 5. Let o(i) = i**3 + 2*i**2 - 4*i. Let f be o(-3). Suppose -f*y = -4*m + 2*y + 31, y - 5 = -2*m. Calculate w(m).
-5
Let p(l) = l**2 - l. Let x(h) = -13*h + 56. Let s(d) = -4*d + 19. Let v(f) = 7*s(f) - 2*x(f). Let a be v(10). Calculate p(a).
0
Let x(h) = 4*h**3 - 9*h**2 - 7*h - 1. Let c(v) = -11*v**3 + 25*v**2 + 20*v + 3. Let b(i) = -3*c(i) - 8*x(i). What is b(4)?
-1
Let p = -1750 + 1754. Let k(l) = -l**3 + 3*l**2 + 4*l + 5. Determine k(p).
5
Let j(o) = -o - 2. Suppose -14*y = -15*y + 15. Suppose 11*h + y = 114. Give j(h).
-11
Let g = 80 - 88. Let s be 0/(-1) - (2 - -10). Let v be (-22)/(-6) - g/s. Let o(i) = i**2 - i - 4. Give o(v).
2
Let f(w) = w**3 - 4*w**2 + 5*w - 4. Let p(i) be the first derivative of i**4/4 - 14*i**3/3 - 33*i**2/2 + 20*i - 15. Let z be p(16). Give f(z).
16
Let y be (10/4)/(-2 + (-30)/(-12)). Suppose -4*w = -y*w - 5. Let p(f) = -f**3 - 5*f**2 - 3*f - 2. Give p(w).
13
Let u be ((-1)/10*-4)/((-48)/(-60)). Let q(w) be the second derivative of 0 - 1/20*w**5 + w + 0*w**3 - u*w**2 + 5/12*w**4. What is q(5)?
-1
Let q = 3287 + -3282. Let o(z) = 1 + z**2 - 6*z**2 + 7*z + 4*z**2. What is o(q)?
11
Suppose 4*q + o = 0, -q - 1 = o + 2. Let t(v) = -6*v**2 - 1 + 5*v + v**3 + 2 + q. Suppose -10*p + 15*p = 25. Calculate t(p).
2
Let d(s) be the first derivative of s**3/3 + s**2 - 3*s + 49. What is d(3)?
12
Let a(p) = -3*p + 24. Let f(l) be the second derivative of l**3/6 - 4*l**2 - 11*l. Let h(c) = 6*a(c) + 17*f(c). Give h(0).
8
Let u(y) = 0 + 6 + 33*y - 1 - 36*y - 5*y**2 - y**3. Give u(-4).
1
Let n(y) be the third derivative of -y**6/360 + 5*y**4/12 + 7*y**3/6 - 2*y**2. Let f(o) be the first derivative of n(o). Calculate f(0).
10
Let g(a) = -14 - 19 + 40 - a. Let f be g(11). Let y(k) = k**3 + 4*k**2 + 3*k + 6. Calculate y(f).
-6
Let d(c) = -c - 2. Let o(l) be the third derivative of 5*l**4/24 + 10*l**3/3 + 27*l**2 - 1. Let r be o(-4). What is d(r)?
-2
Let q be (-244)/(-305) + (0 - 1)/(-5). Let c(l) = 40*l. Determine c(q).
40
Let d(l) be the second derivative of -l**4/8 + l**3/6 + l**2 - 4*l. Let m(q) be the first derivative of d(q). Calculate m(-3).
10
Let s(u) be the second derivative of -u**5/20 + u**4/2 + 5*u**3/6 + u**2 + u - 30. Determine s(7).
-12
Let x(f) = f**3 - f - 2. Let w(q) = -7*q**3 + 8*q**2 + 14*q + 20. Let c(m) = -w(m) - 6*x(m). Give c(9).
1
Let t(w) = 3*w**2 + 9*w + 1. Let g(k) = 7*k**2 + 16*k + 1. Let a(n) = 2*g(n) - 5*t(n). Give a(-11).
19
Let p(u) = -u**3 - 4*u**2 + 2. Let j(i) = 5*i**2 - i - 3. Let b be j(-2). Suppose -2*h + h = 22. Let w = b + h. Give p(w).
-7
Suppose 7*k = 13*k + 60. Let t be (-4)/k*(1 + 4). Let s(c) = 2*c + 3*c + c. Calculate s(t).
12
Let s(v) be the second derivative of 0*v**2 + 1/6*v**3 + 1/6*v**4 + 7*v - 1/20*v**5 + 0. Let y be (-2)/((-1)/(-1)*-1). What is s(y)?
2
Let d be (22/33)/(3/18). Let l(o) = -o**3 + 3*o**2 + 4*o - 4. Determine l(d).
-4
Let h(b) = -b**2 - 13*b + 2. Suppose -3*g + 681 - 708 = 0. Calculate h(g).
38
Let o(t) = -t**2 - 13*t - 8. Suppose -238 = 20*l - 18. Calculate o(l).
14
Suppose 0 = 12*l + 77 - 29. Let v(m) = m**3 + 3*m**2 - 5*m - 6. Give v(l).
-2
Let m = -1 - -19. Suppose -2*r = 5*o + 25, -3*r - 3*o - m = -2*o. Let w(g) = g**3 + 4*g**2 - 3*g - 2. What is w(r)?
-12
Let r(v) = v. Suppose 0 = 9*g + 17 - 26. Determine r(g).
1
Let p(m) = -3*m + 26. Let g(z) = -4*z + 30. Let l(w) = -2*g(w) + 3*p(w). Suppose -3*n = -5*j - n + 66, -n - 15 = -j. Determine l(j).
6
Let t = -283 - -127. Let d = 151 + t. Let z(r) = r**3 + 3*r**2 + 4*r + 7. Let w(s) = -s**3 - 2*s**2 - 4*s - 8. Let m(i) = 3*w(i) + 4*z(i). Calculate m(d).
9
Suppose 3*z + 392 = -z. Let o be 14/z - 26/14. Let j(c) be the first derivative of 3*c**2/2 + 2*c - 3. Calculate j(o).
-4
Let l(g) = -g**3 + 6*g**2. Let i be l(6). Suppose 0 = 2*y - 6, -5*n = -i*n + y - 8. Let d(x) = 4 - n - 9 + x - 6. Calculate d(7).
-5
Let y(q) = 2*q - 1. Let j(z) be the first derivative of -z**4/4 - 3*z**3 + 11*z**2/2 + 11*z - 1. Let p be j(-10). Suppose 3 + p = -t. What is y(t)?
-9
Let i(v) = -2*v**2 - 6*v + 4. Let u be (-144)/28*((-8)/3 - 2). Let q be (12 + -2)*(-12)/u. What is i(q)?
-16
Let a = 99 - 96. Let g(k) = -k + 7. What is g(a)?
4
Let a(l) = 4*l**2 + 10*l + 7. Let w(t) = -11*t**2 - 29*t - 19. Let k(n) = 8*a(n) + 3*w(n). What is k(-3)?
11
Let k be (-92)/(-12) + ((-8)/3)/1. Let p(u) = -u - 11. What is p(k)?
-16
Let h = -14098 - -14097. Let x(u) = 3 - 4 + u**2 - 2*u**2. Calculate x(h).
-2
Let a(s) = -2*s + 3. Let y = -1224 - -1211. What is a(y)?
29
Let d be 8/36 + (-669)/(-27). Let o = 22 - d. Let q(u) = 2*u - 3. Calculate q(o).
-9
Let z(f) = -f**2 + 6*f + 12. Let d = -1297 + 1305. Calculate z(d).
-4
Let u = 17 + -13. Suppose -u*n = -4*